2341890 is divided by 1428?
1398
Calculate the remainder when 438711 is divided by 437636.
1075
Calculate the remainder when 14546813 is divided by 85069.
14
Calculate the remainder when 99361003 is divided by 554.
549
What is the remainder when 239137 is divided by 42?
31
What is the remainder when 2196129 is divided by 438?
435
Calculate the remainder when 642495 is divided by 2570.
2565
What is the remainder when 171953 is divided by 336?
257
What is the remainder when 1367617 is divided by 61?
58
What is the remainder when 9507716 is divided by 226?
122
Calculate the remainder when 148531 is divided by 638.
515
Calculate the remainder when 15986 is divided by 7355.
1276
What is the remainder when 126314563 is divided by 741?
739
What is the remainder when 112367226 is divided by 663?
660
Calculate the remainder when 310749 is divided by 77674.
53
Calculate the remainder when 181853874 is divided by 16532169.
15
Calculate the remainder when 841852 is divided by 328.
204
What is the remainder when 7562825 is divided by 138?
11
Calculate the remainder when 15708160 is divided by 314.
310
Calculate the remainder when 100349 is divided by 100322.
27
Calculate the remainder when 19779348 is divided by 8.
4
Calculate the remainder when 1366137 is divided by 1358.
1347
Calculate the remainder when 15607849 is divided by 158.
135
What is the remainder when 181944 is divided by 20176?
360
Calculate the remainder when 23428743 is divided by 6.
3
What is the remainder when 72479 is divided by 2909?
2663
What is the remainder when 2485480 is divided by 51?
46
Calculate the remainder when 4256983 is divided by 4.
3
Calculate the remainder when 99176 is divided by 24519.
1100
Calculate the remainder when 12176793 is divided by 2231.
2226
What is the remainder when 189996048 is divided by 82?
80
Calculate the remainder when 2714662 is divided by 271462.
42
What is the remainder when 25947987 is divided by 4324664?
3
Calculate the remainder when 22009845 is divided by 37.
25
Calculate the remainder when 616991 is divided by 56045.
496
Calculate the remainder when 1309131 is divided by 9.
0
What is the remainder when 242776536 is divided by 12138826?
16
What is the remainder when 1135689 is divided by 1229?
93
What is the remainder when 85316 is divided by 198?
176
Calculate the remainder when 406010643 is divided by 6788.
6787
Calculate the remainder when 2936856 is divided by 734184.
120
What is the remainder when 28615295 is divided by 172?
171
What is the remainder when 1683504 is divided by 4613?
4372
Calculate the remainder when 2023877 is divided by 152.
149
What is the remainder when 13556033 is divided by 3649?
3647
Calculate the remainder when 2560552 is divided by 1280080.
392
What is the remainder when 11427176 is divided by 5713588?
0
Calculate the remainder when 1953991 is divided by 26.
13
Calculate the remainder when 263993 is divided by 263978.
15
What is the remainder when 21847 is divided by 1946?
441
Calculate the remainder when 60379256 is divided by 139.
19
What is the remainder when 10585886 is divided by 120294?
14
What is the remainder when 89456439 is divided by 13243?
13217
What is the remainder when 6693466 is divided by 483?
52
What is the remainder when 193390 is divided by 3449?
246
Calculate the remainder when 27779418 is divided by 101.
75
What is the remainder when 3551227 is divided by 12?
7
Calculate the remainder when 963545 is divided by 398.
385
Calculate the remainder when 263958 is divided by 43987.
36
What is the remainder when 18858794 is divided by 269?
11
Calculate the remainder when 2008788 is divided by 1273.
1267
What is the remainder when 81266 is divided by 316?
54
What is the remainder when 16806965 is divided by 1395?
5
What is the remainder when 9258732 is divided by 1011?
1005
What is the remainder when 106192585 is divided by 4659?
4657
What is the remainder when 3196567 is divided by 1065520?
7
What is the remainder when 132070 is divided by 1448?
302
Calculate the remainder when 30649060 is divided by 146.
10
Calculate the remainder when 27567 is divided by 3085.
2887
What is the remainder when 2025157 is divided by 1012562?
33
What is the remainder when 1016085 is divided by 1194?
1185
What is the remainder when 6306301 is divided by 1787?
1765
Calculate the remainder when 19355669 is divided by 6178.
6173
What is the remainder when 1277290 is divided by 152?
34
What is the remainder when 32959 is divided by 6594?
6583
What is the remainder when 28786757 is divided by 250?
7
Calculate the remainder when 21866567 is divided by 3123793.
16
Calculate the remainder when 291420 is divided by 72835.
80
Calculate the remainder when 36578212 is divided by 546.
34
Calculate the remainder when 1098708 is divided by 1153.
1052
Calculate the remainder when 11575211 is divided by 1855.
11
Calculate the remainder when 145029926 is divided by 989.
988
What is the remainder when 2960262 is divided by 14?
4
What is the remainder when 2069173 is divided by 172431?
1
Calculate the remainder when 450386 is divided by 19581.
23
What is the remainder when 12957061 is divided by 116?
93
Calculate the remainder when 672906 is divided by 806.
702
What is the remainder when 1053884 is divided by 43907?
116
What is the remainder when 6271564 is divided by 5807?
4
What is the remainder when 161091046 is divided by 536?
534
Calculate the remainder when 1629406 is divided by 974.
878
What is the remainder when 63554414 is divided by 21406?
0
Calculate the remainder when 476536 is divided by 4622.
470
What is the remainder when 38243 is divided by 1819?
44
Calculate the remainder when 19799 is divided by 10656.
9143
Calculate the remainder when 87704 is divided by 1265.
419
What is the remainder when 1486774 is divided by 667?
31
What is the remainder when 513059 is divided by 595?
169
What is the remainder when 32935 is divided by 1372?
7
Calculate the remainder when 89992 is divided by 999.
82
What is the remainder when 1457819 is divided by 740?
19
What is the remainder when 1894170 is divided by 270586?
68
Calculate the remainder when 1930806 is divided by 460.
186
What is the remainder when 5778 is divided by 652?
562
Calculate the remainder when 315237 is divided by 33.
21
What is the remainder when 1429089 is divided by 9656?
1
Calculate the remainder when 313966 is divided by 72.
46
What is the remainder when 105194 is divided by 3196?
2922
What is the remainder when 256524 is divided by 3338?
2836
What is the remainder when 8606413 is divided by 2868804?
1
What is the remainder when 44987 is divided by 22162?
663
Calculate the remainder when 481909 is divided by 120054.
1693
Calculate the remainder when 4317802 is divided by 7.
6
What is the remainder when 4567484 is divided by 489?
224
Calculate the remainder when 505453990 is divided by 696.
694
What is the remainder when 22026285 is divided by 24?
21
What is the remainder when 21128971 is divided by 8?
3
What is the remainder when 1716543 is divided by 177?
174
Calculate the remainder when 1687559 is divided by 7599.
581
Calculate the remainder when 69994588 is divided by 1471.
1466
What is the remainder when 36481 is divided by 1371?
835
Calculate the remainder when 1538039 is divided by 344.
15
What is the remainder when 335694 is divided by 304?
78
What is the remainder when 2961848 is divided by 17022?
20
Calculate the remainder when 418547 is divided by 6972.
227
Calculate the remainder when 52782620 is divided by 88.
44
Calculate the remainder when 123520 is divided by 40928.
736
What is the remainder when 3455393 is divided by 104708?
29
What is the remainder when 792505 is divided by 36022?
21
Calculate the remainder when 30050687 is divided by 2731877.
40
What is the remainder when 15654694 is divided by 313?
312
What is the remainder when 14397344 is divided by 14?
10
Calculate the remainder when 4531476 is divided by 8991.
12
Calculate the remainder when 2503090 is divided by 1251458.
174
What is the remainder when 3551181 is divided by 651?
627
Calculate the remainder when 3083394 is divided by 13348.
6
What is the remainder when 3633107 is divided by 435?
422
What is the remainder when 8285912 is divided by 859?
857
Calculate the remainder when 201436